se
Is 3490921549 prime?
False
Is 3181315381 a composite number?
False
Is 11884585127 composite?
False
Is 190165007 a prime number?
False
Is 84086815118 composite?
True
Is 1362252167 composite?
False
Is 94805593873 a prime number?
False
Is 15012552133 prime?
False
Is 49966667 a prime number?
True
Is 2476232407 composite?
True
Is 57763206841 a composite number?
True
Is 13562717489 prime?
True
Is 140527841 a prime number?
True
Is 46633843 a composite number?
False
Is 119065315433 composite?
True
Is 669407671 a prime number?
True
Is 129142074335 prime?
False
Is 478217053 a composite number?
True
Is 22791425057 prime?
False
Is 1197107117 a prime number?
False
Is 1609978411 prime?
True
Is 107782416949 composite?
False
Is 1938494755 prime?
False
Is 94875223 a composite number?
True
Is 7820867113 composite?
False
Is 452899047 composite?
True
Is 1432273757 a composite number?
True
Is 604993381 prime?
True
Is 14961041033 composite?
True
Is 1328533421 composite?
False
Is 14908957103 a prime number?
False
Is 534011371 composite?
True
Is 83684893 prime?
False
Is 12462686251 a composite number?
False
Is 38505043349 a composite number?
True
Is 14281235799 composite?
True
Is 579826333 composite?
True
Is 12552294353 prime?
False
Is 212665481 a composite number?
True
Is 92895084899 a composite number?
True
Is 743221723 prime?
False
Is 789568891 prime?
False
Is 166169870663 prime?
True
Is 48496479469 a prime number?
True
Is 2456756399 composite?
True
Is 38757058787 composite?
True
Is 871320451 composite?
True
Is 42950486197 composite?
False
Is 1736970947 a prime number?
False
Is 195170509 a composite number?
True
Is 2427024827 prime?
True
Is 1810924237 composite?
False
Is 186649057883 a composite number?
True
Is 2094321517 prime?
False
Is 137131139 prime?
False
Is 9243745957 composite?
False
Is 958414241 composite?
False
Is 6761736389 a prime number?
True
Is 5516327387 composite?
False
Is 1462366187 prime?
False
Is 1180857133 prime?
True
Is 1009142879 composite?
True
Is 1196052619 a composite number?
True
Is 39270521359 a prime number?
True
Is 11776547597 composite?
True
Is 18468154217 prime?
False
Is 63037568767 composite?
False
Is 439417037 composite?
True
Is 1063691353 a composite number?
True
Is 227285957 prime?
True
Is 141254298223 a composite number?
True
Is 120884389 prime?
False
Is 3294270699 a prime number?
False
Is 316312583 a prime number?
False
Is 203751713 a composite number?
True
Is 8781125737 a prime number?
True
Is 1200487319 composite?
False
Is 494000482 prime?
False
Is 9209408893 prime?
True
Is 20667249019 prime?
True
Is 416407627 prime?
False
Is 792799057 a composite number?
False
Is 2275777659 prime?
False
Is 66086067841 composite?
False
Is 50280404899 composite?
True
Is 685990757 a composite number?
False
Is 15708455381 composite?
False
Is 4198140263 composite?
False
Is 406281217 prime?
False
Is 111124067785 a composite number?
True
Is 635073305 prime?
False
Is 604103438 a composite number?
True
Is 10796108303 a composite number?
False
Is 3432432727 composite?
True
Is 35656667311 prime?
True
Is 1678134911 composite?
True
Is 31958919347 a composite number?
False
Is 722473223 composite?
True
Is 1468945289 prime?
False
Is 6318855419 a composite number?
True
Is 8877348119 prime?
True
Is 330553451 a prime number?
True
Is 41904710671 composite?
True
Is 23348196943 a prime number?
True
Is 1739095273 a composite number?
False
Is 1854831031 composite?
False
Is 31860863843 composite?
True
Is 3573514997 composite?
True
Is 1919878781 a composite number?
True
Is 2553978477 a composite number?
True
Is 9561146927 a composite number?
True
Is 6294034193 a composite number?
False
Is 13098236819 composite?
False
Is 60308060117 composite?
True
Is 33876763 prime?
True
Is 1136622859 composite?
True
Is 13356841301 a composite number?
False
Is 9010723583 prime?
True
Is 220402669 prime?
False
Is 230190503 a prime number?
True
Is 534792871 a prime number?
True
Is 149997082 composite?
True
Is 2036123789 a composite number?
True
Is 147646847 a composite number?
True
Is 2967789137 a prime number?
False
Is 1855277861 composite?
False
Is 411589121 a composite number?
False
Is 2348080193 a prime number?
True
Is 115341719 a composite number?
True
Is 263558483 a composite number?
True
Is 210005425087 a composite number?
False
Is 54890791723 a prime number?
False
Is 35133881693 prime?
False
Is 25814627395 a prime number?
False
Is 81471316673 prime?
True
Is 5576227697 composite?
False
Is 24907839997 composite?
False
Is 49319373491 prime?
False
Is 6026197769 a composite number?
True
Is 70846825837 composite?
True
Is 440620781 prime?
False
Is 8639338121 a composite number?
False
Is 1135591217 a composite number?
True
Is 114868799 a prime number?
False
Is 409655947 composite?
False
Is 22641716641 prime?
False
Is 37018161079 prime?
False
Is 98092455151 a prime number?
True
Is 647504269 composite?
False
Is 58535349581 a composite number?
False
Is 1200273941 a composite number?
False
Is 17297282229 composite?
True
Is 2212144093 composite?
True
Is 629231731 composite?
True
Is 19475555321 prime?
False
Is 346115851 prime?
True
Is 88943263 a composite number?
False
Is 5233617629 composite?
False
Is 122598927617 a composite number?
True
Is 142830482045 composite?
True
Is 13423878697 a composite number?
True
Is 834001697 composite?
False
Is 9510707711 composite?
True
Is 971598359 composite?
False
Is 5486665462 prime?
False
Is 119861610247 a composite number?
True
Is 3291766691 a prime number?
True
Is 1095472853 a composite number?
False
Is 6852684529 a prime number?
False
Is 994532614 composite?
True
Is 12399106649 composite?
True
Is 69724721 a composite number?
True
Is 6251185121 a composite number?
True
Is 2053776077 a composite number?
False
Is 672470049 composite?
True
Is 26086688183 a prime number?
False
Is 138190043 composite?
False
Is 12595807001 a prime number?
False
Is 200068061 a prime number?
True
Is 2846197535 a composite number?
True
Is 34966236455 prime?
False
Is 182122568291 a composite number?
False
Is 483666361 a composite number?
True
Is 2988622331 a composite number?
False
Is 2591003234 a prime number?
False
Is 129124349573 a prime number?
True
Is 71977139999 a prime number?
True
Is 22144893103 prime?
False
Is 211417957 composite?
False
Is 2542326907 a composite number?
True
Is 2388325519 composite?
False
Is 126854472911 prime?
True
Is 11855272111 prime?
False
Is 10356612191 prime?
True
Is 6875328659 prime?
False
Is 9074234789 a prime number?
False
Is 177173029481 composite?
True
Is 928898777 prime?
False
Is 1204533401 a composite number?
False
Is 5130225869 prime?
True
Is 10816145441 prime?
False
Is 42850679471 a composite number?
False
Is 67907559167 prime?
False
Is 17518957 prime?
True
Is 531958901 a composite number?
False
Is 277237799 a prime number?
True
Is 433135891 prime?
False
Is 148176510191 composite?
False
Is 1838856521 a composite number?
False
Is 2928148039 a composite number?
False
Is 1137255073 a prime number?
True
Is 11712951373 a composite number?
False
Is 43365024199 prime?
False
Is 27804843311 a composite number?
True
Is 901709101 composite?
False
Is 1495652029 a composite number?
False
Is 456777109 a composite number?
True
Is 79815977861 composite?
True
Is 28656820221 composite?
True
Is 9247874551 composite?
True
Is 108515447 a prime number?
True
Is 9091959374 a composite number?
True
Is 291925867307 composite?
True
Is 21976914077 prime?
True
Is 265779149 composite?
False
Is 9857097331 a composite number?
False
Is 559792243 prime?
True
Is 6098680361 a prime number?
True
Is 9013458991 a prime number?
True
Is 198810193 composite?
True
Is 782772899 a prime number?
False
Is 3681164791 prime?
True
Is 5894538263 a composite number?
True
Is 268735219 prime?
True
Is 1004584319 prime?
True
Is 922505817 a prime number?
False
Is 947353007 a composite number?
True
Is 28696689521 a composite number?
False
Is 122038549 a composite number?
False
Is 2755840589 a composite number?
True
Is 11596370249 composite?
True
Is 9517843718 composite?
True
Is 2496714433 a composite number?
True
Is 281308897 composite?
False
Is 242850355549 composite?
True
Is 202711919 a prime number?
False
Is 15679980733 a prime number?
False
Is 21186883243 a prime number?
False
Is 259005